er when 289 is divided by l.
1
Let g(d) = 374*d + 18. Let i be g(2). Suppose 2*s - 3*b = 385, 4*s - 8*b = -6*b + i. What is the remainder when s is divided by 16?
15
Suppose 0 = 3*a + 4*q + 1102, 4*a + 374 = 3*a + 2*q. Let p = a - -499. Calculate the remainder when p is divided by 130/4*8/10.
25
Suppose -967 - 2057 = -14*h. Calculate the remainder when 851 is divided by h.
203
Let r(t) = 0 + 5*t - 15 - 25 - 2. What is the remainder when 129 is divided by r(11)?
12
Suppose 2*u = -4*a - 10, -2*u - 1543*a = -1547*a - 22. What is the remainder when 401 is divided by u?
2
Suppose -8*x - 11 = -3. Let m(k) = -28*k**3 + k**2. Let s be m(x). Suppose 2*q + s = 2*r - 15, -4*r = 3*q - 109. What is the remainder when 95 is divided by r?
20
Suppose -8*b + 14 = -9*b. Let v be b*(-7)/((-28)/(-6)). What is the remainder when 76 is divided by ((-21)/v)/(2/(-40))?
16
Suppose 6*k = 4*k. Suppose f = -k*f + 22. Calculate the remainder when 939/15 - (-4)/10 is divided by f.
19
Suppose 28 = -0*k + 4*k. Suppose -514 = -32*s - 354. Calculate the remainder when k is divided by s.
2
Let i = -53 - -35. What is the remainder when (-32 - -3)/(2 - 3) is divided by (-266)/(-18) - 4/i?
14
Suppose 10*q - 504 - 876 = 0. Calculate the remainder when q is divided by 56.
26
Suppose 65*j + 479 = 2180 + 119. Calculate the remainder when 32 is divided by j.
4
Let c(z) = 43*z**3 - 2*z**2 - 13*z + 79. Calculate the remainder when c(3) is divided by 15.
13
Suppose 2*i + 8*z - 334 = 3*z, 1774 = 11*i - 4*z. What is the remainder when i is divided by 74?
14
Let t(f) = 11*f**3 + 8*f**2 - 13*f + 5. What is the remainder when 659 is divided by t(1)?
10
Let n(i) be the third derivative of -i**6/120 + 13*i**5/60 - 11*i**4/24 + 25*i**3/6 - 34*i**2. Calculate the remainder when n(11) is divided by 50.
46
Suppose -11*i + l + 279 = -9*i, 4*i = -5*l + 537. What is the remainder when i is divided by 49?
40
Let y(b) = -b**2 - 216*b - 1848. Calculate the remainder when 2309 is divided by y(-9).
14
Let k(c) = 24*c + 43. Suppose b - 8 = -q, -b = 3*q - 3*b + 1. Suppose p - q = 2*t, 2*p + 7*t - 2*t = 51. What is the remainder when k(0) is divided by p?
4
Let k be -2 - (-4)/(-20)*0. Let j be ((-72)/162)/(k/9). Suppose 0 = -j*h - 9 + 39. What is the remainder when 72 is divided by h?
12
What is the remainder when 3776 is divided by (-35)/(-1)*((-777)/111 + (1 - -7))?
31
Suppose -30*r + 6*r = -96. Suppose -r*f = 4*j - 644, -4*f + 3*f = 2*j - 321. What is the remainder when j is divided by 22?
6
Suppose 33*m - 38*m + 2*w = -110, 4*m = -w + 101. Suppose -7*i + 4*i = -201. Calculate the remainder when i is divided by m.
19
Let q(y) = 168*y + 1185. Calculate the remainder when 176 is divided by q(-7).
5
Let g = 1429 - 1366. Calculate the remainder when 179 is divided by g.
53
Suppose 253*p + 6281 - 44737 = 0. Calculate the remainder when 671 is divided by p.
63
Let m be 53/6 - 9/(-54). Suppose -m*f - 260 = -22*f. Let q(x) = 119*x**3 - x + 1. What is the remainder when q(1) is divided by f?
19
Suppose 2030 = 2*z + 4*q, -10*q - 2070 = -2*z - 6*q. What is the remainder when z is divided by 19?
18
Let b = 13606 - 13559. Suppose 368 = 5*w - 302. What is the remainder when w is divided by b?
40
Let g(a) = 2*a + 16. Let l = 21 - 16. Let c be 2*(l + -4)*-2. Calculate the remainder when 27 is divided by g(c).
3
Let n(s) = 5*s**2 + 53*s - 71. Calculate the remainder when n(-16) is divided by 203.
158
Let g be 186/5 - 72/(-90). Let t be g/(-14) + 3 - (-404)/7. Suppose -t*n + 61*n = 123. Calculate the remainder when n is divided by 21.
20
What is the remainder when (-6)/4*(-19)/((-38)/(-68)) is divided by (6/15)/((-8)/(-260))?
12
Suppose -39*s - 30 = -29*s. Let w = 68 - 41. Calculate the remainder when w is divided by 3 + s - -3 - 144/(-18).
5
Let k(o) = 4*o**2 + o + 6. Suppose -78*s - 42 = -64*s. Calculate the remainder when k(s) is divided by 27.
12
Let t(x) = 2 - x - 6 + 14*x**2 + 2*x + 2. Calculate the remainder when (-1)/((1/4)/((-74)/8)) is divided by t(1).
11
Let g(s) be the first derivative of -s**4/4 - 8*s**3/3 - 3*s**2 + 41*s - 19. Calculate the remainder when 63 is divided by g(-7).
29
Suppose -5*c + 47 = 1142. Let d = -95 - c. Calculate the remainder when d is divided by 21.
19
Let v be (-10)/(-7)*70/(70/7). What is the remainder when 26 is divided by v/(-6)*(-6 - (-4 + 4))?
6
Suppose x + d - 16 = 0, -25*x - 45 = -30*x + 2*d. Calculate the remainder when 13428 is divided by x.
8
Let a(l) = -2*l**3 + 3*l**2 + 18*l + 62. What is the remainder when a(-4) is divided by 161?
5
Suppose -j - 4*d + 3 = 0, -445*j + 4*d - 12 = -449*j. Suppose 3*z + 8 = -z, b - 51 = 5*z. Calculate the remainder when b is divided by j.
2
Calculate the remainder when ((-784)/(-96))/(6/108) is divided by 34.
11
Let a(q) = -q**3 - 8*q**2 - 5*q + 57. Let l be a(-10). Suppose -l - 521 = -4*s. What is the remainder when s is divided by 15?
12
Let k = 12895 - 12805. What is the remainder when 122 is divided by k?
32
Suppose 0 = h + 3*l + 4, -3*h - 7*l + 2*l = 0. Suppose 3*z - 32 = -h. What is the remainder when 32 is divided by (1 - -15) + (z/(-3) - -4)?
15
Suppose 5*r - 13330 = 2*c, -7293 - 3371 = -4*r - 5*c. Calculate the remainder when r is divided by 92.
90
Let p = -210 - -264. Let t = p - 18. What is the remainder when 140 is divided by t?
32
Let q be 40/18 + -2 - (-97)/9. Let y = 221 + -156. What is the remainder when y is divided by 255/q + (-40)/220?
19
Let j be 24/36 + (1190/(-3))/(-2). Let t = j - 161. Calculate the remainder when t is divided by 4.
2
Let w(s) = 24*s**2 - 6*s - 1. Calculate the remainder when w(-4) is divided by 380/(-5130) - 13/(-27)*50.
23
Let n = 154 - 103. Suppose 56*y - n*y - 1230 = 0. Suppose -y = -4*f + 2*a, 3*f - 315 = -2*f - 5*a. What is the remainder when f is divided by 21?
20
Calculate the remainder when 1882 is divided by (4/14 - 590/105)/(8/(-48)).
26
Let a = 25093 - 20895. What is the remainder when a is divided by 22?
18
Let y(v) = 148*v - 3626. What is the remainder when y(38) is divided by 282?
24
Let l(r) = -2*r**2 + 42*r + 131. What is the remainder when 328 is divided by l(0)?
66
Let d = -2 - -9. Suppose 1 = -h, 0 = u + h + 4*h - d. Calculate the remainder when 22 is divided by (1 - -1) + 3/(9/u).
4
Calculate the remainder when 11645 is divided by 4/6 + (-164)/(-6) + -3.
20
Suppose -7373*p + 2628 = -7337*p. What is the remainder when p is divided by 12?
1
Suppose 3 = -2*z + 5*y + 108, z + 4*y = 7. Calculate the remainder when 233 is divided by z.
23
Let g be ((-1770)/(-9))/(-5 + (-68)/(-12)). Let x = g - 274. Calculate the remainder when 159/2 - 1/2 is divided by x.
16
Let j = 184 - 178. What is the remainder when 113 is divided by (-3)/j*138/(-2 - 1)?
21
Let a = 27 + -27. Suppose a*d = 5*d - 180. Calculate the remainder when d is divided by (-6)/(-42) + 388/28.
8
Suppose 882*g = 875*g + 364. What is the remainder when g is divided by 7?
3
Let y(w) = w**2 - w - 24. Let m be y(9). Let o = 89 - m. Calculate the remainder when o is divided by 22.
19
Suppose 7*k - 3930 = -23*k. Let z be 6/(-18) + 2/6. Suppose -n = -z*n - 33. What is the remainder when k is divided by n?
32
Let x(r) = r**2 - 33*r + 66. Let u be x(31). Suppose -5*s + 3*d + 117 = 0, u*s + d - 100 = -3*d. What is the remainder when 27 is divided by s?
3
Let n(m) = -21*m - 17. Let a be n(28). Let r = -365 - a. Calculate the remainder when r is divided by 27.
24
Suppose 100 = 5*w + t + 79, w + 5*t = 9. Suppose -4*o + w*u = -244, 3*o - 4*u - 52 - 127 = 0. What is the remainder when 113 is divided by o?
48
Let i = -4 - -14. Suppose 29*p = 10*p + 608. Suppose 27*t = p*t - 20. What is the remainder when i is divided by t?
2
Suppose 0*j = -3*j + 591. Calculate the remainder when j is divided by ((-48)/44)/((-390)/14300).
37
Suppose 4*c = -q + 88, 35*c + 5 = 36*c. Calculate the remainder when q is divided by (14/(-1))/(12/(-30)).
33
Let z be ((-2)/(-5))/((-3)/(540/9)). Calculate the remainder when 35 is divided by (z/(-100)*5)/((-6)/(-90)).
5
Suppose 1536 = -27528*i + 27540*i. Calculate the remainder when 12158 is divided by i.
126
Calculate the remainder when 831 is divided by (-2)/(8 - (-774)/(-96)).
31
Suppose -5*c - 9 = 2*h + 2, 2*h = -c + 1. Suppose -h*u = -3*o - 7, -u = 4*u + o - 60. What is the remainder when 76 is divided by u?
10
Let q(k